{"id":27,"date":"2019-12-07T16:07:17","date_gmt":"2019-12-07T16:07:17","guid":{"rendered":"http:\/\/etg-tierpark.de\/?page_id=27"},"modified":"2019-12-11T17:04:16","modified_gmt":"2019-12-11T17:04:16","slug":"datenschutzerklaerung","status":"publish","type":"page","link":"https:\/\/www.etg-tierpark.de\/?page_id=27","title":{"rendered":"Datenschutzerkl\u00e4rung"},"content":{"rendered":"\n<h2> Vorwort  <\/h2>\n\n\n\n<p> Der Schutz Ihrer Daten ist uns sehr wichtig &#8211; das w\u00e4re auch ohne DSGVO so. Wir haben versucht, diese Website m\u00f6glichst datensparsam zu erstellen. Deswegen verzichtet dieser Internetauftritt konsequent auf einige Features wie zum Beispiel  Kommentare, Kontaktformulare und  bestimmte Social-Media-Buttons. Allerdings haben wir auf der Kontakt-Seite eine Karte von Google Maps eingebettet, wir wissen nicht, ob Google dadurch Daten aus Ihrem Besuch erhebt, geschweige denn welche. Wir habe uns ansonsten gro\u00dfe M\u00fche gegeben, alle automatischen Datenerhebungen zu vermeiden. Da die Seite allerdings mit dem sehr komplexen CMS <a href=\"https:\/\/www.wordpress.com\/\">WordPress<\/a> erstellt wurde, k\u00f6nnen wir nicht f\u00fcr jedes Detail eine Hand ins Feuer legen.  <\/p>\n\n\n\n<p> Diese Seite l\u00e4uft auf WordPress mit dem Thema <a href=\"https:\/\/de.wordpress.org\/themes\/maxwell\/\">Maxwell<\/a> und wird bei <a href=\"https:\/\/www.strato.de\/\">Strato<\/a> gehostet. Durch automatische Updates k\u00f6nnen sich \u00c4nderungen ergeben, z.B. dass irgendein Teil der Software wieder Google-Dienste einbindet. Das k\u00f6nnen wir nicht v\u00f6llig ausschlie\u00dfen, versuchen es aber zu verhindern. <\/p>\n\n\n\n<p>  Sollte Ihnen daher irgendetwas komisch vorkommen, z\u00f6gern Sie bitte nicht, uns deswegen zu kontaktieren, damit wir es z\u00fcgig abstellen k\u00f6nnen.  <\/p>\n\n\n\n<h2>  Welche personenbezogenen Daten werden gesammelt &#8211; und warum? <\/h2>\n\n\n\n<h3> Cookies  <\/h3>\n\n\n\n<p>Cookies sind kleine Informationstext-Dateien, die von einer Website auf Ihrem Rechner gespeichert und w\u00e4hrend des laufenden oder sp\u00e4terer Besuche einer Website ausgelesen werden. Falls Sie ein WordPress-Konto haben und sich auf dieser Website anmelden, wird WordPress ein tempor\u00e4res Cookie setzen, um festzustellen, ob Ihr Browser Cookies akzeptiert. Dieses Cookie enth\u00e4lt keine personenbezogenen Daten und wird verworfen, wenn Sie Ihren Browser schlie\u00dfen.<\/p>\n\n\n\n<p>Wenn Sie sich anmelden, werden laut WordPress einige Cookies eingerichtet, um Ihre Anmeldeinformationen und Anzeigeoptionen zu speichern. Anmelde-Cookies verfallen nach zwei Tagen und Cookies f\u00fcr die Anzeigeoptionen nach einem Jahr. Falls Sie bei der Anmeldung \u201eAngemeldet bleiben\u201c ausw\u00e4hlen, wird Ihre Anmeldung zwei Wochen lang aufrechterhalten. Mit der Abmeldung aus Ihrem Konto werden die Anmelde-Cookies gel\u00f6scht.<\/p>\n\n\n\n<h3> Eingebettete Inhalte von anderen Websites <\/h3>\n\n\n\n<p>Beitr\u00e4ge auf dieser Website k\u00f6nnen eingebettete Inhalte beinhalten (z.&nbsp;B. Videos, Bilder, Beitr\u00e4ge etc.). Eingebettete Inhalte von anderen Websites verhalten sich exakt so, als ob der Besucher die andere Website besucht h\u00e4tte. <\/p>\n\n\n\n<p>Diese Websites k\u00f6nnen Daten \u00fcber Sie sammeln, Cookies benutzen, zus\u00e4tzliche Tracking-Dienste von Dritten einbetten und Ihre Interaktion mit diesem eingebetteten Inhalt aufzeichnen, inklusive Ihrer Interaktion mit dem eingebetteten Inhalt, falls Sie ein Konto haben und auf dieser Website angemeldet sind.  <\/p>\n\n\n\n<p>Wir haben uns daher bem\u00fcht, auf eingebettete Inhalte weitgehend zu verzichten. Wir benutzen ein spezielles <a href=\"https:\/\/wordpress.org\/plugins\/selfhost-google-fonts\/\">Plugin<\/a>, um Schriftarten lokal vorzuhalten, damit Ihre IP nicht durch Akquise der Schriftart Dritten bekannt wird. <\/p>\n\n\n\n<h3> WordPress-Accountinformationen <\/h3>\n\n\n\n<p>Laut WordPress werden f\u00fcr Benutzer, die sich auf der Website registrieren, zus\u00e4tzlich die pers\u00f6nlichen Informationen, die sie in ihren Benutzerprofilen angeben, gespeichert. Alle Benutzer k\u00f6nnen jederzeit ihre pers\u00f6nlichen Informationen einsehen, ver\u00e4ndern oder l\u00f6schen (der Benutzername kann nicht ver\u00e4ndert werden). Wir k\u00f6nnen diese (\u00f6ffentlichen gestellten) Informationen anscheinend ebenfalls einsehen und ver\u00e4ndern.   <\/p>\n\n\n\n<h3> Analysedienste <\/h3>\n\n\n\n<p>Wir verwenden selbst (wissentlich) keine Analysedienste, allerdings legt der Domainanbieter Strato automatisch Logfiles zu Statistik-Zwecken an, was wir momentan augenscheinlich nicht unterbinden k\u00f6nnen. Hierbei wird laut Angabe der Firma Ihre IP allerdings anonymisiert und zeitlich begrenzt gespeichert. Das Vorgehen wird auf <a href=\"https:\/\/www.strato.de\/faq\/hosting\/so-erfahren-sie-wie-oft-ihre-internet-seiten-besucht-worden-sind\/\">dieser Strato-Seite<\/a> genauer erl\u00e4utert, Allgemeines zu Log-Daten und DSGV bei Strato finden Sie auf <a href=\"https:\/\/strato.de\/blog\/dsgvo-logfiles\/\">dieser Seite<\/a> der Firma. <\/p>\n\n\n\n<p> Wir verwenden <a href=\"https:\/\/de.wordpress.org\/plugins\/antispam-bee\/\">Antispam Bee<\/a> als Anti-Spam Plugin, da es extra im Hinblick auf Datenschutz und Privatsph\u00e4re entwickelt wurde.  <\/p>\n\n\n\n<h2>Mit wem teilen wir Ihre Daten? <\/h2>\n\n\n\n<p>Selbstverst\u00e4ndlich teilen wir Ihre Daten nicht willentlich mit Dritten und treffen bestm\u00f6gliche Vorkehrungen, dies auch nicht unabsichtlich zu tun (daher versuchen wir auch, keine oder so wenig Daten wie m\u00f6glich automatisch zu erheben). Da der Internet-Traffic \u00fcber Strato l\u00e4uft, sieht diese Firma nat\u00fcrlich Ihre IP und die von Ihnen angew\u00e4hlten Seiten auf unserer Domain. Mit dem Plugin <a href=\"https:\/\/de.wordpress.org\/plugins\/snitch\/\">Snitch<\/a> untersuchen wir ab und zu, welche Verbindungen von unserer Site ausgehen, um etwaige Datenlecks aufzusp\u00fcren. Wir sind allerdings keine Netzwerkexperten.  <\/p>\n\n\n\n<p>Mails an uns gehen zun\u00e4chst an unseren Email-Server bei Strato, werden von da aus aber ggf. an die jeweils passende Email-Adresse weitergeleitet, die Zielpostf\u00e4cher sind bei unterschiedlichen Anbietern.  <\/p>\n\n\n\n<h2> Welche Rechte haben Sie an Ihren Daten? <\/h2>\n\n\n\n<p>Sie k\u00f6nnen jederzeit einen Export aller personenbezogenen Daten bei uns anfordern, inklusive aller Daten, die Sie uns mitgeteilt haben. Dar\u00fcber hinaus k\u00f6nnen Sie die L\u00f6schung aller personenbezogenen Daten, die wir von Ihnen gespeichert haben, anfordern. Dies umfasst nicht die Daten, die wir aufgrund administrativer, rechtlicher oder sicherheitsrelevanter Notwendigkeiten aufbewahren m\u00fcssen. <\/p>\n\n\n\n<h2>Kontakt<\/h2>\n\n\n\n<p>Siehe <a href=\"http:\/\/etg-tierpark.de\/?page_id=29\">Impressum<\/a><\/p>\n","protected":false},"excerpt":{"rendered":"<p>Vorwort Der Schutz Ihrer Daten ist uns sehr wichtig &#8211; das w\u00e4re auch ohne DSGVO so. Wir haben versucht, diese<\/p>\n","protected":false},"author":1,"featured_media":0,"parent":0,"menu_order":0,"comment_status":"closed","ping_status":"closed","template":"","meta":[],"_links":{"self":[{"href":"https:\/\/www.etg-tierpark.de\/index.php?rest_route=\/wp\/v2\/pages\/27"}],"collection":[{"href":"https:\/\/www.etg-tierpark.de\/index.php?rest_route=\/wp\/v2\/pages"}],"about":[{"href":"https:\/\/www.etg-tierpark.de\/index.php?rest_route=\/wp\/v2\/types\/page"}],"author":[{"embeddable":true,"href":"https:\/\/www.etg-tierpark.de\/index.php?rest_route=\/wp\/v2\/users\/1"}],"replies":[{"embeddable":true,"href":"https:\/\/www.etg-tierpark.de\/index.php?rest_route=%2Fwp%2Fv2%2Fcomments&post=27"}],"version-history":[{"count":5,"href":"https:\/\/www.etg-tierpark.de\/index.php?rest_route=\/wp\/v2\/pages\/27\/revisions"}],"predecessor-version":[{"id":59,"href":"https:\/\/www.etg-tierpark.de\/index.php?rest_route=\/wp\/v2\/pages\/27\/revisions\/59"}],"wp:attachment":[{"href":"https:\/\/www.etg-tierpark.de\/index.php?rest_route=%2Fwp%2Fv2%2Fmedia&parent=27"}],"curies":[{"name":"wp","href":"https:\/\/api.w.org\/{rel}","templated":true}]}}