{"id":29,"date":"2019-12-07T16:07:31","date_gmt":"2019-12-07T16:07:31","guid":{"rendered":"http:\/\/etg-tierpark.de\/?page_id=29"},"modified":"2023-01-28T08:06:33","modified_gmt":"2023-01-28T08:06:33","slug":"impressum","status":"publish","type":"page","link":"https:\/\/www.etg-tierpark.de\/?page_id=29","title":{"rendered":"Impressum"},"content":{"rendered":"\n<h3>Angaben gem\u00e4\u00df \u00a7 5 TMG <\/h3>\n\n\n\n<p>Beirat der Eigent\u00fcmergemeinschaft &#8222;Wohnanlage Am Tierpark&#8220;<br>c\/o  Prof. Dr .Sebastian St\u00fctz<br>Hagener Stra\u00dfe 36a<br> 44225 Dortmund <\/p>\n\n\n\n<p>E-Mail: beirat@etg-tierpark.de<\/p>\n\n\n\n<h3> Webmaster<\/h3>\n\n\n\n<p>Lars Hackstein<br>Hagener Stra\u00dfe 24a<br> 44225 Dortmund  <\/p>\n\n\n\n<p> E-Mail: homepage@etg-tierpark.de<\/p>\n\n\n\n<h3>Zus\u00e4tzliche Angaben <\/h3>\n\n\n\n<p>Diese Seite wird gehostet bei der Strato AG, Pascalstra\u00dfe 10, 10587 Berlin, Tel.: 030-300 146 0, Fax: 030\u2013886 15 111, E-Mail-Kontakt:&nbsp;impressum@strato.de <\/p>\n\n\n\n<h3>Hinweis gem\u00e4\u00df Online-Streitbeilegungs-Verordnung <\/h3>\n\n\n\n<p>Nach geltendem Recht sind wir verpflichtet, Verbraucher auf die Existenz der Europ\u00e4ischen Online-Streitbeilegungs-Plattform hinzuweisen, die f\u00fcr die Beilegung von Streitigkeiten genutzt werden kann, ohne dass ein Gericht eingeschaltet werden muss. F\u00fcr die Einrichtung der Plattform ist die Europ\u00e4ische Kommission zust\u00e4ndig. Die Europ\u00e4ische Online-Streitbeilegungs-Plattform ist hier zu finden: <a href=\"http:\/\/ec.europa.eu\/odr\">http:\/\/ec.europa.eu\/odr<\/a>. <\/p>\n\n\n\n<p>Wir weisen aber darauf hin, dass wir nicht verpflichtet und nicht bereit sind, uns am Streitbeilegungsverfahren im Rahmen der Europ\u00e4ischen Online-Streitbeilegungs-Plattform zu beteiligen, da sie in unserem Fall eklatante und nach unserem Empfinden <a href=\"https:\/\/www.internetrecht-rostock.de\/alternative-streitbeilegung-verfahren.htm\">unfaire Nachteile<\/a> f\u00fcr uns mit sich br\u00e4chte.  Nutzen Sie zur Kontaktaufnahme bitte die obige E-Mail und Telefonnummer, wir finden bestimmt eine L\u00f6sung &#8211; auch ohne Schlichtungsstelle.<\/p>\n\n\n\n<h3>Haftungsausschluss \u2013 rechtliche Hinweise <\/h3>\n\n\n\n<p> \u00a7 1 Warnhinweis zu Inhalten<br> Die kostenlosen und frei zug\u00e4nglichen Inhalte dieser Webseite wurden mit gr\u00f6\u00dftm\u00f6glicher Sorgfalt erstellt. Der Anbieter dieser Webseite \u00fcbernimmt jedoch keine Gew\u00e4hr f\u00fcr die Richtigkeit und Aktualit\u00e4t der bereitgestellten kostenlosen und frei zug\u00e4nglichen journalistischen Ratgeber und Nachrichten. Namentlich gekennzeichnete Beitr\u00e4ge geben die Meinung des jeweiligen Autors und nicht immer die Meinung des Vereins oder des Chores wieder. Allein durch den Aufruf der kostenlosen und frei zug\u00e4nglichen Inhalte kommt keinerlei Vertragsverh\u00e4ltnis zwischen dem Nutzer und dem Anbieter zustande, insoweit fehlt es am Rechtsbindungswillen des Anbieters. <\/p>\n\n\n\n<p> \u00a7 2 Externe Links<br> Diese Website enth\u00e4lt Verkn\u00fcpfungen zu Websites Dritter (&#8222;externe Links&#8220;). Diese Websites unterliegen der Haftung der jeweiligen Betreiber. Der Anbieter hat bei der erstmaligen Verkn\u00fcpfung der externen Links die fremden Inhalte daraufhin \u00fcberpr\u00fcft, ob etwaige Rechtsverst\u00f6\u00dfe bestehen. Zu dem Zeitpunkt waren keine Rechtsverst\u00f6\u00dfe ersichtlich. Der Anbieter hat keinerlei Einfluss auf die aktuelle und zuk\u00fcnftige Gestaltung und auf die Inhalte der verkn\u00fcpften Seiten. Das Setzen von externen Links bedeutet nicht, dass sich der Anbieter die hinter dem Verweis oder Link liegenden Inhalte zu Eigen macht. Eine st\u00e4ndige Kontrolle der externen Links ist f\u00fcr den Anbieter ohne konkrete Hinweise auf Rechtsverst\u00f6\u00dfe nicht zumutbar. Bei Kenntnis von Rechtsverst\u00f6\u00dfen werden jedoch derartige externe Links unverz\u00fcglich gel\u00f6scht. <\/p>\n\n\n\n<p> \u00a7 3 Urheber- und Leistungsschutzrechte<br> Die auf dieser Website ver\u00f6ffentlichten Inhalte unterliegen dem deutschen Urheber- und Leistungsschutzrecht. Jede vom deutschen Urheber- und Leistungsschutzrecht nicht zugelassene Verwertung bedarf der vorherigen schriftlichen Zustimmung des Anbieters oder jeweiligen Rechteinhabers. Dies gilt insbesondere f\u00fcr Vervielf\u00e4ltigung, Bearbeitung, \u00dcbersetzung, Einspeicherung, Verarbeitung bzw. Wiedergabe von Inhalten in Datenbanken oder anderen elektronischen Medien und Systemen. Inhalte und Rechte Dritter sind dabei als solche gekennzeichnet. Die unerlaubte Vervielf\u00e4ltigung oder Weitergabe einzelner Inhalte oder kompletter Seiten ist nicht gestattet und strafbar. Lediglich die Herstellung von Kopien und Downloads f\u00fcr den pers\u00f6nlichen, privaten und nicht kommerziellen Gebrauch ist erlaubt. <\/p>\n\n\n\n<p> Die Darstellung dieser Website in fremden Frames ist nur mit schriftlicher Erlaubnis zul\u00e4ssig. <\/p>\n\n\n\n<p> \u00a7 4 Besondere Nutzungsbedingungen<br> Soweit besondere Bedingungen f\u00fcr einzelne Nutzungen dieser Website von den vorgenannten Paragraphen abweichen, wird an entsprechender Stelle ausdr\u00fccklich darauf hingewiesen. In diesem Falle gelten im jeweiligen Einzelfall die besonderen Nutzungsbedingungen. <\/p>\n\n\n<pre id=\"mce_13\" class=\"editor-rich-text__tinymce mce-content-body\" role=\"textbox\" contenteditable=\"true\" aria-label=\"Schreibe vorformatierten Text\u2026\" aria-autocomplete=\"list\" aria-multiline=\"true\" data-is-placeholder-visible=\"false\">Quelle: Impressum Generator von JuraForum.de<\/pre>\n<p><!--EndFragment--><\/p>","protected":false},"excerpt":{"rendered":"<p>Angaben gem\u00e4\u00df \u00a7 5 TMG Beirat der Eigent\u00fcmergemeinschaft &#8222;Wohnanlage Am Tierpark&#8220;c\/o Prof. Dr .Sebastian St\u00fctzHagener Stra\u00dfe 36a 44225 Dortmund E-Mail:<\/p>\n","protected":false},"author":1,"featured_media":0,"parent":0,"menu_order":0,"comment_status":"closed","ping_status":"closed","template":"","meta":[],"_links":{"self":[{"href":"https:\/\/www.etg-tierpark.de\/index.php?rest_route=\/wp\/v2\/pages\/29"}],"collection":[{"href":"https:\/\/www.etg-tierpark.de\/index.php?rest_route=\/wp\/v2\/pages"}],"about":[{"href":"https:\/\/www.etg-tierpark.de\/index.php?rest_route=\/wp\/v2\/types\/page"}],"author":[{"embeddable":true,"href":"https:\/\/www.etg-tierpark.de\/index.php?rest_route=\/wp\/v2\/users\/1"}],"replies":[{"embeddable":true,"href":"https:\/\/www.etg-tierpark.de\/index.php?rest_route=%2Fwp%2Fv2%2Fcomments&post=29"}],"version-history":[{"count":5,"href":"https:\/\/www.etg-tierpark.de\/index.php?rest_route=\/wp\/v2\/pages\/29\/revisions"}],"predecessor-version":[{"id":188,"href":"https:\/\/www.etg-tierpark.de\/index.php?rest_route=\/wp\/v2\/pages\/29\/revisions\/188"}],"wp:attachment":[{"href":"https:\/\/www.etg-tierpark.de\/index.php?rest_route=%2Fwp%2Fv2%2Fmedia&parent=29"}],"curies":[{"name":"wp","href":"https:\/\/api.w.org\/{rel}","templated":true}]}}